est common factor of 3859 and 227?
227
Calculate the highest common factor of 6 and 26.
2
Calculate the greatest common factor of 88 and 253.
11
What is the greatest common factor of 60 and 12660?
60
Calculate the highest common divisor of 1484 and 896.
28
What is the greatest common factor of 8 and 190?
2
What is the highest common divisor of 4207 and 14?
7
What is the greatest common divisor of 33 and 1023?
33
Calculate the highest common factor of 960 and 30.
30
Calculate the greatest common divisor of 72 and 36.
36
Calculate the highest common divisor of 152 and 209.
19
Calculate the highest common factor of 18 and 72.
18
What is the greatest common factor of 16 and 464?
16
Calculate the highest common divisor of 840 and 21.
21
What is the highest common divisor of 111 and 6?
3
Calculate the greatest common divisor of 28 and 581.
7
What is the greatest common divisor of 791 and 113?
113
Calculate the greatest common factor of 7371 and 81.
81
Calculate the highest common divisor of 165 and 3245.
55
What is the greatest common factor of 26 and 286?
26
What is the highest common divisor of 1159 and 671?
61
What is the highest common factor of 779 and 38?
19
Calculate the highest common factor of 12190 and 920.
230
Calculate the highest common divisor of 42 and 644.
14
What is the greatest common factor of 110 and 1630?
10
What is the highest common divisor of 93 and 93?
93
What is the greatest common divisor of 87249 and 762?
381
What is the greatest common divisor of 40 and 230?
10
What is the greatest common factor of 943 and 23?
23
What is the greatest common factor of 2 and 512?
2
Calculate the greatest common divisor of 1248 and 1144.
104
What is the highest common divisor of 561 and 1581?
51
What is the highest common divisor of 12 and 579?
3
Calculate the highest common divisor of 552 and 15.
3
Calculate the highest common divisor of 77 and 561.
11
Calculate the highest common divisor of 42 and 14.
14
Calculate the highest common divisor of 2979 and 9.
9
What is the greatest common divisor of 324 and 2904?
12
What is the greatest common divisor of 15 and 1200?
15
Calculate the greatest common factor of 286 and 182.
26
What is the highest common divisor of 30 and 2055?
15
Calculate the greatest common divisor of 8393 and 231.
77
What is the highest common divisor of 73 and 365?
73
What is the highest common divisor of 3835 and 65?
65
Calculate the greatest common divisor of 297 and 2295.
27
What is the greatest common divisor of 104 and 1651?
13
Calculate the greatest common factor of 150 and 2130.
30
What is the greatest common factor of 154 and 70?
14
What is the highest common factor of 60 and 2580?
60
What is the greatest common divisor of 986 and 68?
34
What is the highest common divisor of 1098 and 9?
9
Calculate the greatest common factor of 504 and 644.
28
What is the highest common factor of 5394 and 18?
6
Calculate the highest common divisor of 320 and 64.
64
Calculate the greatest common divisor of 648 and 192.
24
What is the greatest common factor of 266 and 16891?
133
Calculate the greatest common factor of 2849 and 1309.
77
Calculate the highest common divisor of 50 and 1825.
25
What is the greatest common divisor of 72 and 80?
8
What is the greatest common factor of 70 and 3430?
70
Calculate the highest common factor of 642 and 12.
6
Calculate the highest common factor of 1550 and 2914.
62
Calculate the highest common factor of 60 and 705.
15
Calculate the greatest common factor of 6 and 9.
3
Calculate the greatest common factor of 211 and 6752.
211
Calculate the highest common factor of 101 and 16463.
101
What is the highest common factor of 540 and 5580?
180
What is the greatest common divisor of 423 and 387?
9
What is the highest common divisor of 59 and 1180?
59
What is the highest common divisor of 365 and 1971?
73
Calculate the highest common divisor of 1846 and 52.
26
Calculate the highest common divisor of 852 and 41109.
213
Calculate the greatest common factor of 3604 and 424.
212
What is the greatest common divisor of 1273 and 4154?
67
What is the highest common divisor of 1041 and 24637?
347
Calculate the highest common factor of 21 and 21.
21
Calculate the highest common factor of 3178 and 14.
14
What is the highest common divisor of 1818 and 162?
18
What is the highest common divisor of 115 and 22195?
115
Calculate the greatest common factor of 34 and 697.
17
Calculate the highest common divisor of 12438 and 18.
18
What is the highest common factor of 20 and 68?
4
What is the highest common factor of 2018 and 2?
2
What is the greatest common factor of 28 and 644?
28
Calculate the highest common divisor of 306 and 216.
18
What is the highest common factor of 784 and 1421?
49
What is the greatest common factor of 4066 and 2568?
214
What is the highest common divisor of 2106 and 78?
78
What is the highest common divisor of 184 and 138?
46
What is the highest common factor of 420 and 180?
60
Calculate the greatest common divisor of 18 and 207.
9
What is the greatest common factor of 11 and 451?
11
What is the greatest common divisor of 12 and 570?
6
Calculate the highest common divisor of 4 and 284.
4
Calculate the highest common divisor of 80 and 1000.
40
What is the greatest common factor of 2316 and 6?
6
Calculate the greatest common divisor of 64 and 8.
8
Calculate the greatest common factor of 2134 and 2716.
194
What is the highest common factor of 50 and 20?
10
Calculate the highest common divisor of 924 and 768.
12
What is the greatest common divisor of 3 and 123?
3
What is the highest common factor of 18 and 1602?
18
Calculate the highest common divisor of 423 and 94.
47
What is the greatest common factor of 1184 and 1702?
74
Calculate the greatest common factor of 224 and 504.
56
Calculate the greatest common divisor of 3525 and 225.
75
What is the highest common divisor of 17 and 1343?
17
Calculate the highest common factor of 30 and 1458.
6
Calculate the highest common divisor of 24 and 900.
12
Calculate the highest common divisor of 5421 and 39.
39
What is the highest common factor of 112 and 126?
14
Calculate the highest common factor of 77 and 55.
11
What is the highest common factor of 1902 and 12?
6
What is the greatest common factor of 65 and 442?
13
Calculate the highest common divisor of 2265 and 105.
15
Calculate the greatest common divisor of 30 and 830.
10
Calculate the greatest common divisor of 13079 and 87.
29
What is the greatest common divisor of 310 and 3317?
31
Calculate the greatest common factor of 24 and 1992.
24
Calculate the highest common divisor of 793 and 122.
61
Calculate the greatest common divisor of 27 and 6.
3
Calculate the greatest common divisor of 299 and 46.
23
Calculate the greatest common divisor of 1416 and 8.
8
Calculate the highest common factor of 748 and 44.
44
Calculate the greatest common divisor of 7 and 5677.
7
Calculate the greatest common factor of 380 and 1292.
76
What is the greatest common divisor of 35 and 1981?
7
Calculate the greatest common factor of 3710 and 63.
7
Calculate the greatest common factor of 131 and 3.
1
What is the highest common divisor of 19 and 57?
19
Calculate the highest common divisor of 22 and 1947.
11
Calculate the greatest common divisor of 10 and 130.
10
Calculate the highest common divisor of 444 and 2.
2
Calculate the highest common factor of 13 and 3.
1
Calculate the highest common divisor of 80 and 224.
16
What is the greatest common factor of 42 and 1876?
14
Calculate the highest common factor of 588 and 6.
6
Calculate the highest common factor of 5 and 45.
5
Calculate the greatest common factor of 12798 and 45.
9
What is the greatest common divisor of 646 and 589?
19
Calculate the greatest common divisor of 1 and 461.
1
Calculate the greatest common divisor of 2409 and 66.
33
What is the highest common factor of 36 and 312?
12
Calculate the highest common factor of 1 and 27.
1
Calculate the greatest common divisor of 14844 and 48.
12
What is the highest common factor of 11616 and 48?
48
What is the highest common factor of 1287 and 99?
99
Calculate the greatest common factor of 1679 and 23.
23
Calculate the greatest common divisor of 21 and 77.
7
What is the highest common divisor of 12 and 12?
12
What is the high